162 - h. What is the units digit of r?
3
Let f(q) = 3*q**2 + 2*q. Let i be f(-3). Let v = 0 + i. Let c = 38 - v. What is the units digit of c?
7
Suppose 388 = 5*h - 307. Suppose -4*g + 57 = -h. What is the tens digit of g?
4
Suppose -55*s + 74244 = -32*s. What is the tens digit of s?
2
Let m(t) = 94*t**2 - 15*t + 22. What is the tens digit of m(5)?
9
Let t(x) = 738*x - 50. What is the thousands digit of t(5)?
3
Let r be (-11)/(-2) - 1/(0 - 2). What is the tens digit of (-45)/(-6)*224/r?
8
Let i(z) = z**3 - 22*z**2 + 21*z + 21. What is the tens digit of i(22)?
8
Let l(f) = 2*f - 4. Let c be l(2). Suppose c = -a - 0*a + 52. What is the tens digit of a?
5
Let g(m) = -10*m - 22. Suppose 2*b = 3*l + 21, -2*l - 14 = -b - 0*b. What is the units digit of g(l)?
8
Suppose 5*f + 0*x = 2*x + 48, 2*f - 4 = -3*x. Let r(b) = b**2 - 8*b**2 - 5*b + 0*b + b**3. What is the units digit of r(f)?
4
Suppose 0 = 10*y - 9*y - 19. Suppose 5*z - 4*a + 4 - y = 0, -z = -4*a - 3. Suppose z*h + 3*x - 24 = 6*x, x - 28 = -2*h. What is the units digit of h?
2
Suppose 0 = 68*j - 24673 - 46319. What is the hundreds digit of j?
0
Suppose -5*u = 0, -2*q = -2*u - u. Let x(k) = -k**3 - k + 50. What is the tens digit of x(q)?
5
Suppose 2*s = 6*s - 12. Let w be ((-6)/(-4))/(s/10). Suppose 51 = w*b - 69. What is the tens digit of b?
2
Let s = -28 - -16. Let x(m) = -68*m**3 - m**2 + 2*m - 1. Let c be x(1). What is the tens digit of -3*(-1)/(s/c)?
1
Let w be -3*1/(-6) + (-3)/(-2). Suppose -167 = -5*q - w*z, -2*q + 7*q + 3*z = 168. What is the tens digit of q?
3
Let c(i) = -i**2 - 7*i + 11. Let o be c(-8). Let p be (-12)/4 + 39 - o. Suppose r - 3*a = -0*r + 8, -2*a + p = r. What is the tens digit of r?
2
Let y(j) be the second derivative of -7*j**3/6 + 11*j**2/2 - 13*j. What is the units digit of y(-5)?
6
Let t = 19 + -17. Suppose t*q = 6*q - 248. What is the tens digit of q?
6
Let u(t) = -t**2 - 10*t + 2. Let l be u(-10). Suppose -18 = l*s - 5*s. What is the units digit of (27/2)/(3/s)?
7
Let i(w) = -1191*w + 141. What is the hundreds digit of i(-2)?
5
Let l(r) = r**3 - 4*r**2 - 12. Let t be l(5). Suppose k + 1 = 4. Suppose -3*q + 39 = -k*i, -5*q = -i - 74 + t. What is the tens digit of q?
1
Let b(i) be the third derivative of 0*i + 0 - 1/6*i**3 + 5*i**2 + 1/4*i**4. What is the units digit of b(1)?
5
What is the units digit of 1 - (27/(-18))/(3/356)?
9
Suppose k = -2*f + 158, 0*k + 5*k = 3*f - 263. Let c = f + 27. What is the tens digit of c?
0
Let j be 9/2*1/3*2. Suppose -472 = -j*i - 5*x, -3*i = -2*x - 0*x - 479. What is the units digit of i?
9
Let c(m) = m**3 - 18*m**2 + 2*m - 20. What is the tens digit of c(19)?
7
What is the thousands digit of (-23312)/(-8) + (-16)/(-2)?
2
Let u be ((27/2)/1)/(16/(-32)). Let j(n) = 2*n**3 - 3*n**2 + 4*n - 3. Let m be j(2). Let l = m - u. What is the units digit of l?
6
Let j = -374 - -656. What is the units digit of j?
2
Let z(o) = -o**2 + 51*o - 99. What is the tens digit of z(40)?
4
Let u be (-2)/(2 - (0 + 3)). Let m be u - (-56 - 0) - 2. Let n = -28 + m. What is the tens digit of n?
2
Suppose -y = -0*y - 7*y. What is the tens digit of (y + -10)/(11/(-66))?
6
Suppose 0 = 2*t - 5*t + 108. Suppose -5*m + 5*r - 12 = 8, 0 = 3*r - 12. Suppose 4*u - t = -m*u. What is the units digit of u?
9
Let r = -7 + 10. Suppose 3*t - 5*u + 5 - 148 = 0, 0 = r*t + 5*u - 163. What is the units digit of t?
1
Let l be 4 + (-3 + 5 - 1). Suppose l*d = 6*d - 40. What is the units digit of d?
0
Suppose -3*f + 636 = -3978. What is the units digit of (-12)/15 - f/(-10)?
3
What is the hundreds digit of 34/(-9) + (-16)/72 - -2340?
3
Let p(r) = r**2 + 5*r - 1. Let i be p(-7). Let k(f) be the first derivative of -f**4/4 + 14*f**3/3 - 5*f**2 - 14*f + 3. What is the tens digit of k(i)?
2
What is the hundreds digit of ((-19495)/(-105))/((-1)/(-3))?
5
Let v(u) = -u**3 + 5*u**2 - 2*u + 5. Let y be v(5). Let a = y + -15. What is the tens digit of ((-10)/a)/(1/20)?
1
Suppose -t - 5*f + 3*f - 7 = 0, -4*t + 24 = -5*f. Let u be (t - 4) + 4/4. What is the units digit of u + (-3 + 1 - -36)?
2
Suppose 2*t - g = 8077, 146*t - 4*g = 147*t - 4061. What is the hundreds digit of t?
0
Suppose -19*j - 31*j = -6450. What is the hundreds digit of j?
1
Let a(b) = 5 - 6*b + 1 - 4*b + 2*b. What is the tens digit of a(-4)?
3
Let c(i) = -i**3 + 4*i**2 + 8*i - 3. Suppose 22 = w - 5*m, w = m + 8 + 2. Suppose u = w - 2. What is the tens digit of c(u)?
1
Let h be (-2)/2*(-3 - 2). Let m = -4 + 10. Suppose -l = q - m, q + 4 = h. What is the units digit of l?
5
Suppose 213 + 1489 = 2*j. Suppose -5*b - 271 = -j. Suppose 0 = -4*r + 4*n + b, -68 = -5*r - 5*n + 47. What is the units digit of r?
6
Let g = 4165 - 577. What is the tens digit of g?
8
Suppose 1173 = 4*b - 5*x, -3*b = -10*x + 5*x - 881. What is the hundreds digit of b?
2
Let n be (1/((-2)/(-6)) - -6)/1. Let a(m) be the third derivative of m**6/120 - 3*m**5/20 + m**4/8 + 2*m**3 - m**2. What is the tens digit of a(n)?
3
Let j = 45 - 137. Let u = 37 - j. What is the tens digit of u?
2
Suppose 0*x + 776 = 4*c - 4*x, -378 = -2*c - 3*x. Let m = c + -131. What is the tens digit of m?
6
Let c(v) = -v + 20. Let s be c(-6). Let j(g) = g**3 - 3*g**2 + 4*g - 2. Let x be j(2). Suppose -s = -q + x. What is the tens digit of q?
2
Suppose -3*s + 3*t = 0, -s + 3*t - 7 = -3. Let a = s - -5. Suppose -9*x + 58 = -a*x. What is the tens digit of x?
2
Suppose 2*p = 7*p - 20. Suppose -2*r + 424 = -p*d, -3*r + 2*d = -r - 432. Suppose 4*g - 2*y - r = 0, -g + 2*y + y = -65. What is the units digit of g?
3
Let y(f) = 23*f + 314. What is the hundreds digit of y(29)?
9
Suppose -4*z + 505 = -3*x, 0 = 2*z - 6*x + x - 235. Suppose -40 = 2*v - z. What is the tens digit of v?
4
Let f = -76 - -30. Let s = f + -29. Let g = s + 129. What is the units digit of g?
4
Suppose 2*v = -5*r + 2023, 2*v - 460 - 1570 = 2*r. What is the tens digit of v?
1
Let j be ((-189)/18)/(3/(-4)). Suppose j = -2*m + 92. What is the units digit of m?
9
What is the hundreds digit of (19904/(-80))/((-9)/(45/2))?
6
Suppose 0*z = -3*z. Let b(q) = -q**3 + q + 5. Let h be b(z). Suppose 17 = -4*t + h*t. What is the tens digit of t?
1
Suppose -l - 88 = 3*b, -6*l = -3*b - 2*l - 83. Let k = b - -70. What is the tens digit of k?
4
Suppose -110 = -4*o - 34. Let y = 32 - o. Suppose -3*i + y = -26. What is the tens digit of i?
1
Let t(z) = z - 14. Let j be 1/(72/(-75) + 1). What is the units digit of t(j)?
1
Suppose -5*z - 15391 = -4*o, 2*o + 3*z - 7674 = 49. What is the units digit of o?
4
Let s = 12 + -10. Suppose -4*v + 4 = 4*i, i - s*i + 2*v = 2. Suppose -l = -b - i*b - 38, -5*l + 4*b = -185. What is the tens digit of l?
3
Let c(n) = 218*n - 182. What is the tens digit of c(13)?
5
Let o = -44 + 112. Let s = 104 - o. Suppose 0 = -4*x - 12, 0*z - 4*z + s = -4*x. What is the units digit of z?
6
Suppose 7*x = -3*o + 5*x + 558, -3*o = -4*x - 540. What is the units digit of o?
4
Let a(q) = 14 - 1 + 0 + 0*q**2 + q**2 - 6*q. What is the tens digit of a(-6)?
8
Let r(q) = q**3 + 2*q**2 - q. Let b be r(1). Let h(n) = 8 - n + b - 3 + 2. What is the units digit of h(-8)?
7
Let g(w) = 36*w**2 + 38*w - 56. What is the tens digit of g(-12)?
7
What is the hundreds digit of ((-301)/21 - -5)*-75?
7
Let k = 25 + -23. Suppose 3*j - 10 - 6 = -k*z, 10 = 3*j - z. What is the units digit of ((-15)/60)/((-1)/j)?
1
Suppose -6*i + 16 = -2*i, -4*j + 5*i + 260 = 0. What is the tens digit of j?
7
Let v(y) = y**3 + 9*y**2 + 8*y + 2. Let m be v(-8). Suppose -5*o + f = -305, m*f = 7 + 3. What is the tens digit of o?
6
Let z be ((-5)/10)/((-1)/(-14)). Let n(a) = -7*a + 16. What is the units digit of n(z)?
5
Let q(b) = -b**2 + 9*b + 5. Let u(m) = -m - 1. Let d(w) = -q(w) - 3*u(w). Let v be d(7). What is the units digit of 18/45 + 18/v?
4
Suppose -132 = -2*u - 2*k, 6*u - 4*k - 280 = 2*u. Suppose -4*z + 16 = 0, -5*l + 3*z + 311 - u = 0. What is the units digit of l?
1
Suppose -5*o + 4*w = -1896, -o - 380 = -2*o + w. Let n = -215 + o. What is the tens digit of n?
6
Let m be (-5)/15 - 14/(-6). Let z be 14/(-5)*(-5)/m. Let i = 34 - z. What is the tens digit of i?
2
Let q(k) = -4*k - 3. Let i(w) = -4*w - 2. Let r(p) = -4*i(p) + 5*q(p). Let b be (1 - 2)/((-1)/(-11)). What is the tens digit of r(b)?
3
Let m = 4 + 42. What is the units digit of (m - (-8 + 5)) + -5?
